 -4*r + d, -4*d - 4 = -3*r + 25. Let y(i) = -7*i**3 - i**2 - 2*i - 1. Let l be y(-1). Calculate the highest common divisor of r and l.
7
Let k = 0 + 4. Let s(t) = -t**2 - t + 20. Let r be s(0). What is the greatest common factor of r and k?
4
Suppose 4*k - 2*n - 54 = 36, -114 = -5*k + 3*n. What is the greatest common factor of 14 and k?
7
Suppose 3*b = 4*q + q + 34, 8 = b - q. Suppose -b*s = 2*s - 220. What is the highest common divisor of s and 11?
11
Suppose -28 - 8 = -6*g. Calculate the highest common divisor of g and 42.
6
Suppose -w + 3 + 5 = 0. Suppose 5*a - 6 - 9 = 0. Suppose 0 = a*i - 0*c + 4*c - 76, 4*i - 3*c = 93. Calculate the highest common divisor of w and i.
8
Let x be (-2)/4 + 374/4. What is the highest common divisor of x and 62?
31
Let u(j) = -j + 1. Let a be u(-2). Suppose -2*x - 16 = -r - r, -5*r = a*x. Suppose -49 = -4*n - 1. Calculate the highest common divisor of n and r.
3
Suppose -37 = -4*y - 3*q, -6*q + 36 = 3*y - q. Calculate the highest common divisor of 21 and y.
7
Suppose 98 = -3*t + 5*d + 21, -4*d = 2*t + 44. Let a be (1 - t) + -7 + 6. Calculate the greatest common divisor of a and 48.
24
Let z(a) = -a**3 - 20*a**2 + 19*a - 32. Let g be z(-21). What is the greatest common divisor of g and 4?
2
Let r = 67 + -32. Calculate the greatest common factor of r and 10.
5
Suppose -s = -43 - 17. What is the highest common divisor of 24 and s?
12
Suppose 7 + 1 = -4*z, 0 = n - 5*z - 24. Suppose 5*q + 4 = n. Suppose 13 = 2*d + 2*x + 5, 5*x + 15 = q*d. Calculate the greatest common factor of d and 35.
5
Suppose 26 = -3*o + 56. What is the greatest common divisor of 4 and o?
2
Let b = -22 - -134. Calculate the greatest common factor of b and 7.
7
Let i(c) = c**2 + 5*c - 9. Let y be i(-8). Let d be y/13 - (-4)/(-26). What is the greatest common factor of d and 8?
1
Let a be 8 - (0 - (4 - 2)). Let o(d) = d**3 - 5*d**2 - 5*d + 5. Let x be o(5). Let s = 35 + x. What is the greatest common factor of s and a?
5
Suppose -7*s = -4*s - 84. Calculate the highest common factor of 14 and s.
14
Let f(i) = -11*i - 53. Let p be f(-7). What is the greatest common factor of p and 240?
24
Let s(x) = -3*x - 1. Let d be s(-1). Suppose 3*u + 74 = d*w + u, -u - 133 = -4*w. Let o = 9 + -1. What is the highest common divisor of w and o?
8
Suppose 0 = -3*f - 1 + 22. What is the greatest common factor of 35 and f?
7
Suppose -2*d = 8, 0 = -3*y + 4*d - 8*d + 98. What is the greatest common divisor of y and 57?
19
Suppose -9*l + 28 = -179. What is the highest common divisor of 253 and l?
23
Let n(w) = w**3 - 9*w**2 + 14*w + 2. Let z be n(7). Suppose -2*o + 120 = z*o. Calculate the highest common factor of o and 75.
15
Let l(i) = 2*i**3 - 2*i**2 - 3*i - 3. Let v be l(3). Let w be 1/(2 + (-46)/v). Let o = 57 - 27. Calculate the greatest common divisor of o and w.
6
Suppose d - 29 = -5*z, -2*d - 3*z = 2*z - 33. Suppose -d*o + 31 = -t, -o + t + t = -13. Calculate the greatest common divisor of 35 and o.
7
Let c be 1/(-4) - 70/8. Let t = c + 12. What is the highest common divisor of t and 15?
3
Let s(j) be the second derivative of j**4/12 + j**3/3 - 5*j**2/2 + j. Let g be s(-6). Calculate the greatest common divisor of g and 76.
19
Let r = 16 + 19. Let i = 7 - 0. Calculate the highest common factor of r and i.
7
Let t be (-177 - -2) + 1 + -1. Let i = -105 - t. Suppose -2*g - 3*g - j + 136 = 0, -96 = -4*g - 4*j. What is the greatest common divisor of i and g?
14
Let q be -3 + 2 - -25*2. Let a = q + -34. Let j(c) = -2*c. Let s be j(-3). Calculate the greatest common divisor of a and s.
3
Suppose 0 = -g - 8*z + 3*z - 8, 0 = -2*g + z + 17. Let q = 41 + g. Suppose 0 = 2*f - x - 3*x - 4, -32 = -5*f - x. What is the highest common divisor of q and f?
6
Let c = 2 - -4. Suppose c*y = 8*y - 6. What is the highest common factor of y and 21?
3
Suppose 0 = 4*q - 16, 0 = -3*n + 4*q + 12 + 8. Suppose -3*y - n = -7*y. Let l = y - -3. Calculate the highest common factor of l and 18.
6
Let c be (1/((-4)/(-2)))/((-2)/(-36)). What is the highest common divisor of c and 1?
1
Let a be (-1)/(1/(-16) - 0). Let g = 9 - -38. Let h = 71 - g. Calculate the greatest common factor of a and h.
8
Let r be (42/(-4))/((-45)/510). Let l(n) = -n**3 + n**2 + 17. Let f be l(0). What is the greatest common factor of f and r?
17
Suppose k - 8 = -3*k. Suppose 0*o + 3*o + 2*u = 2, -2*u = o - k. Suppose o*d = -4*d + 32. What is the greatest common factor of 2 and d?
2
Let x(q) = 2*q**3 + 2*q**2 - q + 2. Let i be x(-2). Let b be i + 1 - (1 - 10). Calculate the greatest common divisor of b and 3.
3
Let x(u) = u**2 + 5*u + 4. Let k(a) = -7*a**2 - 2*a - 1. Let q be k(-1). Let v be x(q). What is the highest common divisor of v and 30?
10
Suppose 0*l + 125 = 5*y + 2*l, -3*y + 2*l = -91. Calculate the greatest common divisor of y and 9.
9
Suppose -4*v + 284 = 4*o, -2*v - o + 371 = 3*v. Let h = v + -26. Let q be 60/9 + 9/27. Calculate the highest common divisor of h and q.
7
Let f(l) = l + 6. Let j be f(7). Calculate the highest common factor of j and 52.
13
Let v(i) = -i**3 - i**2 + 3*i + 2. Let s be v(-2). Suppose 2*o = -s + 24. What is the greatest common factor of 132 and o?
12
Suppose 56 - 8 = b - 5*y, b - 48 = 4*y. What is the greatest common factor of 16 and b?
16
Let m(w) = -5*w - 1. Let p be m(-5). Calculate the highest common divisor of p and 24.
24
Let v be (-70)/(1/(-2) + (-18)/36). What is the greatest common divisor of 28 and v?
14
Suppose 2*s - 4 = 16. What is the highest common factor of s and 40?
10
Suppose 3*p + 5 = 53. Calculate the highest common factor of 4 and p.
4
Suppose 66*i - 71*i = -100. What is the greatest common divisor of 8 and i?
4
Suppose 0*i - 6*i = -6. Suppose 0*w - i = w, 2*y - 31 = -w. Let u be -48*((-4)/3 - 0). What is the highest common divisor of y and u?
16
Let c = -53 + 59. What is the highest common factor of c and 48?
6
Let w(p) = 35*p**2 + p. Let s be w(1). Let n(z) = -2*z. Let u be n(-6). Let d be u/54 - 1616/(-18). What is the highest common factor of d and s?
18
Suppose 0 = -3*y - 2*y + 1090. Suppose 5*b = 107 + y. Let g(p) = -p**3 + p**2 + 3*p - 1. Let k be g(-3). Calculate the highest common divisor of k and b.
13
Let q be (1 - 6)*(-12)/10. Let o be -4*q/(-4) - -2. Calculate the highest common divisor of 88 and o.
8
Let j(g) = -g**2 - g + 1. Let t(b) = -3*b**2 - 4*b - 3. Let w(r) = -4*j(r) + t(r). Let o be w(-6). Calculate the highest common factor of o and 261.
29
Suppose -2*i + 7 = -89. Let v(m) = -m**2 + m + 1. Let s be v(1). Let z be 6 + 0/(s - -1). Calculate the greatest common factor of z and i.
6
Let h(t) be the third derivative of t**5/60 - t**4/4 - t**3/6 + t**2. Let g be h(7). Let j be (-32)/(-6)*g/4. What is the highest common divisor of 20 and j?
4
Suppose 33 = 3*z - 27. Calculate the highest common divisor of 30 and z.
10
Suppose -3*p - p = v - 10, 4*p + 40 = 4*v. Let g = 77 + -52. Calculate the greatest common factor of v and g.
5
Suppose 3*o + 5*s - 27 = 0, o + 2*s = 6*o - 76. What is the greatest common divisor of o and 154?
14
Suppose -75 = -5*k + 5*a, -3*k = a - 6*a - 45. What is the greatest common divisor of k and 75?
15
Let q(l) be the first derivative of -l**2/2 + 10*l + 6. Let z be q(-14). Calculate the greatest common divisor of 24 and z.
24
Let r = 2 - -5. Suppose 0 = 107*a - 120*a + 819. Calculate the highest common divisor of r and a.
7
Suppose 4*h - 3 = 5. Suppose -f + 3*v + 2 = 0, 3*f - h*v + 2 = 8. Suppose -a = f*a - 99. Calculate the greatest common factor of a and 11.
11
Suppose -z - 4*z = -180. Calculate the greatest common divisor of 90 and z.
18
Let t = 170 - 161. Calculate the highest common divisor of 9 and t.
9
Let w be 2 + -5 + 2 - -6. Suppose 0*k = 4*k - 36. Let i be k/w*(-10)/(-3). What is the greatest common divisor of i and 66?
6
Let i = -29 + 49. Calculate the greatest common divisor of i and 8.
4
Let z(v) = v**3 + 12*v**2 + 9*v - 14. Let a be z(-11). Let r = a + -7. Let p be 4*r*(-63)/(-28). Calculate the highest common factor of p and 27.
9
Let t be 1*1*(3 - -9). Suppose 4*d - 5*d = -r + 8, 4*d + 22 = 2*r. Suppose 179 = r*i + 29. Calculate the highest common factor of i and t.
6
Suppose 3*l - 14 = -5*y + 2, -3*l + 2 = -2*y. Suppose o = -l*o + 75. Calculate the highest common factor of 10 and o.
5
Let b = 44 + -80.